common factor of 20400 and 848.
16
Calculate the highest common factor of 136442 and 102.
34
What is the greatest common factor of 12 and 114148?
4
What is the highest common divisor of 112 and 53970?
14
What is the greatest common divisor of 1766907 and 27?
27
What is the highest common factor of 2597 and 1813?
49
What is the greatest common factor of 487826 and 2?
2
Calculate the greatest common divisor of 380 and 34010.
190
Calculate the greatest common factor of 45 and 2944695.
15
Calculate the greatest common divisor of 1140880 and 24.
8
What is the greatest common factor of 498636 and 648?
324
What is the highest common factor of 784 and 261436?
28
What is the greatest common factor of 867 and 520200?
867
What is the greatest common divisor of 3023 and 7173579?
3023
What is the greatest common divisor of 323 and 2014?
19
Calculate the greatest common divisor of 57 and 29.
1
Calculate the highest common factor of 59 and 1736547.
59
Calculate the greatest common factor of 158788 and 88168.
428
Calculate the highest common factor of 43605 and 55233.
2907
What is the highest common divisor of 3 and 236217?
3
What is the greatest common factor of 20 and 50290?
10
What is the greatest common factor of 182 and 338702?
182
Calculate the greatest common factor of 7172 and 10516.
44
Calculate the highest common divisor of 840735 and 2142.
1071
Calculate the greatest common factor of 1980 and 384516.
396
What is the greatest common divisor of 572 and 2771197?
143
Calculate the greatest common factor of 618103 and 51.
17
Calculate the highest common factor of 10 and 846930.
10
Calculate the highest common divisor of 3870798 and 102.
102
What is the greatest common divisor of 222 and 1855587?
111
Calculate the highest common divisor of 30 and 1395948.
6
What is the highest common factor of 139856 and 48?
16
Calculate the highest common factor of 101867 and 989.
989
Calculate the highest common divisor of 21170 and 28130.
290
What is the greatest common divisor of 642240 and 2240?
320
Calculate the greatest common factor of 220 and 21428.
44
Calculate the highest common factor of 493 and 10237.
29
What is the greatest common divisor of 746 and 679979?
373
What is the highest common divisor of 214480 and 90?
10
What is the greatest common factor of 813 and 483464?
271
What is the highest common divisor of 237 and 7612203?
237
What is the highest common divisor of 61081 and 51?
17
Calculate the highest common divisor of 140 and 98280.
140
Calculate the greatest common divisor of 79033 and 2159.
17
Calculate the greatest common factor of 14294 and 826.
14
What is the highest common divisor of 2495172 and 12?
12
Calculate the highest common factor of 430176 and 1296.
48
What is the greatest common divisor of 448 and 93408?
224
Calculate the highest common factor of 2247 and 2262.
3
What is the highest common factor of 81012 and 138?
6
What is the highest common factor of 189486 and 3630?
726
What is the highest common factor of 545 and 19855?
5
What is the highest common divisor of 100872 and 459?
27
What is the greatest common divisor of 2852 and 5336?
92
What is the greatest common factor of 40 and 63584?
8
What is the highest common divisor of 10237 and 12002?
353
Calculate the greatest common divisor of 1900492 and 16544.
2068
Calculate the highest common factor of 5455 and 50.
5
What is the greatest common divisor of 364 and 19916?
52
Calculate the highest common divisor of 339175 and 25.
25
Calculate the highest common divisor of 90 and 8770.
10
Calculate the highest common divisor of 809376 and 48.
48
Calculate the highest common divisor of 96117 and 176911.
1393
What is the greatest common factor of 28 and 52738?
14
What is the greatest common factor of 20569 and 2010?
67
Calculate the highest common divisor of 1541 and 50049.
67
What is the greatest common factor of 149289 and 231?
21
What is the greatest common factor of 28804 and 114?
38
What is the greatest common factor of 15704 and 280?
8
Calculate the greatest common divisor of 44 and 2486.
22
Calculate the highest common divisor of 214994 and 52.
26
Calculate the highest common divisor of 810 and 138.
6
Calculate the highest common divisor of 574 and 8239483.
287
Calculate the greatest common divisor of 10023 and 1443.
39
What is the greatest common factor of 1336482 and 126?
126
Calculate the greatest common factor of 14000 and 192.
16
Calculate the highest common divisor of 1078 and 176.
22
What is the greatest common factor of 2 and 1001?
1
What is the greatest common divisor of 359260 and 660?
220
What is the highest common factor of 353395 and 253?
23
Calculate the highest common factor of 55 and 1153933.
11
Calculate the greatest common factor of 546 and 235326.
546
What is the greatest common divisor of 24772 and 556244?
2252
What is the greatest common factor of 123916 and 52?
52
What is the greatest common divisor of 900 and 7900?
100
What is the greatest common factor of 120 and 50544?
24
What is the greatest common factor of 50808 and 212868?
876
What is the highest common factor of 198418 and 290?
58
What is the highest common divisor of 99504 and 180?
36
What is the greatest common divisor of 43929 and 513?
27
What is the greatest common factor of 13226 and 178162?
778
Calculate the greatest common factor of 138261 and 51.
51
Calculate the greatest common factor of 95354 and 56.
14
What is the highest common factor of 451 and 2665?
41
Calculate the highest common factor of 24732 and 432.
108
Calculate the greatest common factor of 56728 and 4.
4
What is the highest common factor of 385 and 331765?
35
What is the greatest common divisor of 156 and 22092?
12
What is the highest common divisor of 210 and 547290?
30
What is the greatest common factor of 496 and 2768176?
496
Calculate the greatest common divisor of 6526 and 351.
13
What is the greatest common factor of 96 and 82464?
96
What is the highest common factor of 111 and 1813?
37
Calculate the highest common divisor of 133 and 90839.
133
Calculate the greatest common divisor of 9209131 and 2182.
1091
What is the greatest common factor of 40 and 5260?
20
What is the highest common factor of 695948 and 220?
44
Calculate the greatest common factor of 297 and 10935.
27
Calculate the greatest common divisor of 1953630 and 3544.
886
What is the greatest common factor of 146055 and 110?
5
What is the highest common factor of 598 and 8326?
46
Calculate the greatest common divisor of 116476 and 296.
148
Calculate the highest common divisor of 145 and 1619070.
145
What is the highest common divisor of 630 and 12222?
126
Calculate the highest common factor of 16943164 and 14.
14
Calculate the greatest common divisor of 31515 and 3795.
165
Calculate the greatest common divisor of 5635 and 980.
245
Calculate the greatest common divisor of 6924 and 174.
6
What is the greatest common factor of 5659271 and 82?
41
What is the highest common factor of 1793 and 35024?
11
What is the greatest common divisor of 3450 and 17825?
575
What is the greatest common factor of 103776 and 47?
47
What is the greatest common divisor of 176275 and 3850?
275
Calculate the greatest common factor of 628 and 166734.
314
Calculate the highest common divisor of 7455 and 63.
21
Calculate the greatest common divisor of 3304 and 72.
8
What is the greatest common factor of 526 and 1254247?
263
Calculate the greatest common factor of 192 and 30156.
12
What is the highest common factor of 1713 and 72?
3
What is the greatest common factor of 875 and 2135?
35
Calculate the greatest common divisor of 1174528 and 192.
64
What is the highest common divisor of 756 and 131040?
252
What is the highest common divisor of 1235 and 112841?
19
Calculate the greatest common divisor of 182 and 334082.
14
What is the highest common factor of 330 and 3186?
6
What is the highest common divisor of 34947 and 495?
99
What is the highest common divisor of 207 and 626267?
23
What is the highest common divisor of 637 and 5473?
13
What is the highest common factor of 146 and 117603?
73
Calculate the highest common factor of 48352 and 16224.
32
Calculate the greatest common factor of 721239 and 344.
43
What is the greatest common divisor of 105000 and 44520?
840
Calculate the greatest com